f d?
1
Suppose 0*r + 3*r = 0. Suppose -3*g + r*g = -45. What is the tens digit of g?
1
Suppose 2*t - p - 2 - 5 = 0, 5*t - 5 = 5*p. What is the units digit of 42/11 - t/(-33)?
4
Let i = 7 - 6. What is the tens digit of (i + 0)/((-4)/(-52))?
1
Suppose 0*q + 2*q = 3*r - 43, 0 = 3*q + 6. What is the units digit of r?
3
Suppose -13 = -2*w + 1. What is the units digit of w?
7
What is the hundreds digit of 145 + (6/3 - -3)?
1
Suppose d + 2 = 2*d. Suppose 1 = -u, y - 2*y = -u - 4. Suppose -y*s + 5*p = -d, -6 = s - 3*p - 0*p. What is the units digit of s?
9
Let q(n) = 8*n + 6. Let s be q(-3). What is the tens digit of (-2)/1 - (s - -2)?
1
Let a(p) be the second derivative of -p**5/20 + 5*p**4/12 + p**3 + p**2/2 - p. Let h be a(6). Let u = h - -9. What is the tens digit of u?
1
Let p(h) = 5*h + 9. Let u(r) = -4*r - 8. Let z(n) = 5*p(n) + 6*u(n). Let c be z(3). Let l = 7 + c. What is the units digit of l?
7
Let m be 1/((-2)/6) + 17. What is the units digit of m + (0 - 1 - -3)?
6
Let a(o) = -o - 16. Let f(x) = x + 1. Let y(m) = -a(m) - 2*f(m). Let u be y(11). Suppose -u*c - 6 = -57. What is the tens digit of c?
1
Suppose s = -2*s + 42. Suppose t - 4*t + 9 = 0. Suppose s = t*u - u. What is the units digit of u?
7
Let q = -11 + 212. What is the units digit of q?
1
Let f be (0 - (-1 + 1))/1. What is the tens digit of f - -1 - 52/(-4)?
1
Let k be (-15)/9 - (-2)/3. What is the units digit of k/(-2) - 141/(-6)?
4
Let x(r) = r**2 + 7*r + 4. Let b be x(-5). Let c be 18*(1 + 10/b). Let g = -6 - c. What is the units digit of g?
6
Let j be (-2)/7 + 390/42. Suppose 0 = -4*a - j - 155. What is the units digit of 2/(-8) + a/(-4)?
0
Let b be (48/(-10))/((-3)/(-15)). Let k be -5*(0 - -3) + -2. Let a = k - b. What is the units digit of a?
7
Suppose -2*k = -4*f + f + 94, 2*f - 68 = -4*k. Suppose -5*s + 48 = -f. What is the units digit of s?
6
Let j(s) = -s**3 - 9*s**2 + 11*s + 15. What is the units digit of j(-10)?
5
Let v(k) = 3*k**3 + 13*k**2 - 13*k - 13. Let d(y) = 13*y**3 + 53*y**2 - 53*y - 52. Let c(b) = 2*d(b) - 9*v(b). What is the units digit of c(-12)?
5
Let m = -4 - -7. Suppose 5 = -d + f, 2*d + f + 19 = -m. Let p(l) = -2*l - 5. What is the tens digit of p(d)?
1
What is the units digit of 56/(-7)*10/(-8)?
0
Let b be (-4)/10 - 235/(-25). Let t = b + -9. Suppose t*q - 4*q = -16. What is the units digit of q?
4
Let r = 694 + -363. What is the units digit of r?
1
Let q = 3 + 5. Suppose p - 1 = d, -3*d - p - 15 = -q*d. Suppose 2*m = -d*l + 4, 3*m + 2*l - 8 = 14. What is the units digit of m?
0
Let v = 21 - 14. Let o(k) = 6*k**3 - k**2 + k - 1. Let x be o(1). Suppose 0 = 2*h - x - v. What is the units digit of h?
6
What is the units digit of (-8)/(-3) + 13/39?
3
Suppose 3*n = -3*w + 131 + 223, -w + 115 = 2*n. Suppose 0 = 2*q - w - 25. Suppose -1 = -4*r + 3, 4*a - q = -5*r. What is the tens digit of a?
1
Suppose g + 4*u - 87 = 0, 0 = 4*g + 5*u - 0*u - 326. What is the tens digit of g?
7
Suppose 0 = -5*c - 4*j + 1335, -3*c - 5*j + 0*j = -814. What is the hundreds digit of c?
2
What is the units digit of (32/(-1 + -3))/(0 + -2)?
4
Suppose y - 3 + 0 = 2*k, 4*k - 5*y = -21. Let h = k - -3. Let x = h + 2. What is the units digit of x?
6
Let y be 1 + 0 - (-4 + 3). Let i be (-1)/(0 - -1)*-4. Let q = i + y. What is the units digit of q?
6
What is the units digit of 2*(5 + -3) - -2?
6
Let b be (3 + 0 - 3)/(-2). Suppose -2*q + b*q - 82 = 0. Let d = -26 - q. What is the units digit of d?
5
Suppose 5*n - 78 - 12 = 0. Suppose 0 = -3*q + m + 6 + n, 0 = -4*q - 4*m + 48. What is the units digit of q?
9
Let t = -44 + 48. What is the units digit of t?
4
Let k = -7 - -11. Suppose 2*g + 32 = k*m, 7*g - 3*g = 5*m - 46. What is the units digit of m?
6
Suppose -2*g = -36 - 6. Suppose g = -3*v + 90. What is the units digit of v?
3
Suppose 3*h - s - 7 = -0*s, 4*s - 32 = -3*h. Suppose m - 7 = -o, 0*o + 20 = 2*m - h*o. What is the units digit of m?
8
Suppose -2*t = 2*t + 3*d - 202, -3*t + 141 = -3*d. What is the units digit of t?
9
Let o(j) = 2*j**2 + 5*j - 38. What is the hundreds digit of o(10)?
2
Let c(t) = -13*t**2 - 2*t - 1. Let g be c(-1). Suppose 7 + 1 = 4*s. What is the units digit of s*g/(-3) - -1?
9
Let k = -9 - -30. What is the tens digit of k?
2
Suppose 149 + 71 = 11*c. What is the tens digit of c?
2
Let i(d) = d**3 + d**2 + d + 5. Let g be 9/6*(-8)/(-3). Suppose b = -3*c - 3*b + 16, b - g = 0. What is the units digit of i(c)?
5
Let z = 6 + 3. Let r = z + 8. What is the tens digit of r?
1
Suppose 0 = -4*m + m + 117. Let k = m + -19. What is the tens digit of k?
2
Suppose -11 = -t + 5. What is the tens digit of t?
1
Let n be (-2)/(-2) + 2*1. Let h be ((-174)/9)/((-2)/n). Suppose 5*p = h - 9. What is the units digit of p?
4
Suppose 3*d + 2*q + 11 = 7*q, 3*d = -5*q + 29. Suppose p - 4*m = 3, -p - m = -10 - d. What is the units digit of p?
1
Let p(t) be the first derivative of t**5/12 + t**3/6 - t**2/2 - 2. Let m(f) be the second derivative of p(f). What is the units digit of m(1)?
6
Suppose -3*u = -3*c + 6*c - 51, -3*u = 2*c - 34. What is the tens digit of c?
1
Let r = 11 + -8. Let d = 0 - -6. Let x = d - r. What is the units digit of x?
3
Suppose -20 - 30 = -5*h. Let k = h - 8. Suppose 1 = -5*d - k*o, 4*d - 3*o = 14 - 1. What is the units digit of d?
1
Let o = -61 + 78. What is the units digit of o?
7
What is the units digit of 9/(-3) - 0 - (5 - 70)?
2
Let b be 92/(-9) - 4/(-18). Let j be (-116)/(-10) - 4/b. Suppose 3*w - j = -2*a, -1 = 3*a - 4*w - 2. What is the units digit of a?
3
Suppose h - 11 - 7 = 4*l, 6 = -4*l - 5*h. What is the tens digit of 66/l*(-5 + 3)?
3
Let l(g) = g**3 + 3*g**2 + 2*g - 2. Let n be l(-2). Let x = 6 + n. What is the units digit of x?
4
Suppose -2*v - 5*r + 2*r = -13, -3*v = 3*r - 15. Suppose -4*h + 28 = -v*h. What is the tens digit of h?
1
Let v be 1*1*(-3 - -4). Let q = 0 + 1. Suppose -2*d + v = -q. What is the units digit of d?
1
Let s(j) = -2*j - 5. Let a be s(-4). Let m be (a/6)/(1/6). What is the units digit of (10 + 2)/m - 2?
2
Let k(w) = 2 - w - 6 - 4. Let x be k(-5). Let o(b) = -5*b - 4. What is the tens digit of o(x)?
1
Suppose 3*f + 0*f + 3 = 0. What is the units digit of (1 - 6)/(f/1)?
5
Suppose 2*x + 2*x - 16 = 0. Suppose 2*n - 4 = x*n, -17 = 5*h + n. What is the units digit of (-3)/h - 3 - -11?
9
Let b be 760/12 - (-4)/6. Suppose l + l + b = 5*d, 5*l - 38 = -4*d. What is the units digit of d?
2
Let u = -14 + 109. Suppose z + 16 = 2*m - 9, 5*m + 4*z = u. What is the units digit of m?
5
Let w = 10 - 4. Let c(h) = -h**3 + 6*h**2 + 2. What is the units digit of c(w)?
2
Let g = 29 + 268. What is the tens digit of g?
9
Let m(h) = h**2 - 7*h + 4. Let w(r) = -r**2 - 6*r. Let i be w(-4). What is the tens digit of m(i)?
1
Let m(z) = -20*z - 30. Let u(o) = 4*o + 6. Let n(h) = 3*m(h) + 16*u(h). What is the tens digit of n(7)?
3
Let a(w) = 31*w - 4. Let v be a(2). Suppose 0 = -0*k - 2*k, 3*m = 5*k - 18. What is the units digit of (-2)/3 - v/m?
9
Suppose -2489 = -32*z + 13*z. What is the hundreds digit of z?
1
Suppose -3*q + 3*u + 30 = 0, -u = -3*q + 4*u + 24. What is the units digit of q?
3
Let i = 40 - -42. Suppose 3*v + 22 - i = 0. What is the tens digit of (v/(-6))/((-1)/3)?
1
Suppose -4*p - 5*b = -141, p = -4*b + 10 + 28. What is the tens digit of p?
3
Let p = 6 - 7. What is the units digit of -1 + (3 - (-3 - p))?
4
Let k(t) = -3*t**2 - 7. Let p be k(-5). Let m = 117 + p. What is the tens digit of m?
3
Let l = 8 - -103. Suppose 5*b + 3*q - l + 3 = 0, 5*q + 37 = 2*b. What is the units digit of b?
1
Let c = 170 - 81. Let a = -51 + c. Suppose a - 2 = 3*j. What is the units digit of j?
2
Let z = 11 - 9. What is the units digit of z?
2
Suppose 0 = -k + 3*k - 64. Let d = k + -18. What is the tens digit of d?
1
Suppose -5*y = -2*i - 5, 4*i + 2*y - 15 = 7*y. Suppose -k + i = -2. What is the units digit of k?
2
Let f(l) = -4*l**3 + 2*l**2 + 2*l + 1. Let g be f(-1). Suppose 21 = -4*d - g*z, 3*d - 4*d + 5*z + 26 = 0. Let k = 3 - d. What is the units digit of k?
2
Let g(n) = -n**2 + 4. Let h(a) = -1. Let k(v) = g(v) - 2*h(v). Let u be k(5). Let t = 28 + u. What is the units digit of t?
9
Let g = 14 + -20. Let t(v) = v**3 + 6*v**2 + v + 4. Let i be t(g). What is the units digit of 5 - -1 - (-2 - i)?
6
Let v(t) be the third derivative of -t**4/24 + t**3 + 3*t**2. W